osite?
True
Let l = -281183 - -491386. Suppose 451*s - 444*s - l = 0. Is s a prime number?
True
Suppose 4*a - 269224 - 324612 = 0. Suppose 0 = 17*o - a - 63582. Is o composite?
False
Let o(y) = -37781*y + 3287. Is o(-39) prime?
False
Suppose -26*p + 28*p = 254. Let x = -120 + p. Suppose 4*y + 5199 = x*y. Is y a prime number?
True
Let n(i) = i**2 - 6*i - 33. Let q be n(9). Is (q/(-4))/(51/81226) a composite number?
False
Let h(j) = 41*j - 25. Let n = -380 + 384. Is h(n) composite?
False
Suppose 3*y - 165238 + 40407 = -a, -2*a + 249646 = 2*y. Is a a prime number?
True
Suppose 4*p + 28647 = g + 8*p, 0 = 4*g + 4*p - 114528. Suppose -14327 = -2*n + n + 2*f, 0 = 2*n + 5*f - g. Is n a prime number?
True
Let n be 3831/9 + 6/(-9). Let g = n - 212. Is g a prime number?
False
Suppose v + c = 4, -3*v - c + 11 = -1. Is (-9)/15 + (v - 16390/(-25)) composite?
False
Let v(n) = -n**3 + n**2 + 5*n + 26. Let q be v(-8). Suppose 0 = -s + 5*c + 2914 + q, -5*c = 4*s - 13979. Is s a prime number?
True
Let t(q) = 380*q**2 + 8*q - 11. Let z be t(2). Let k = z + -870. Is k a composite number?
True
Let g(k) = 46*k**3 - 85*k**2 + 700*k + 7. Is g(8) a prime number?
True
Let k = -124 - -128. Suppose -v + 496 - 57 = 4*l, 0 = -4*v - k*l + 1732. Is v a composite number?
False
Let u be 48/(4 + (2 - 17/3)). Let b = u + -383. Let h = b + 532. Is h a prime number?
True
Let w(c) = c**2 - 3*c + 4454. Let l be w(0). Suppose -63*r = -61*r - l. Is r a composite number?
True
Let v(k) = 8*k**2 - 57*k + 293. Is v(-108) a prime number?
True
Suppose -2*v + 25 - 17 = 0. Let h be 3 - (13948/(-33) + v/6). Suppose 6*l - 6071 = -h. Is l a prime number?
True
Let i be 5/(5/4) - (24 + -14). Let k be ((-2)/3 - i/36)*-44. Is (-4)/(-22) - (-5518)/k prime?
True
Let t(x) = -x**2 + 19*x - 9. Let l be t(5). Suppose -70*a + 17541 = -l*a. Is a composite?
False
Let b(q) = -q**2 - 16*q - 4. Let l be b(-15). Suppose 0 = -5*g + l*g + 24. Is 3817/g*(0 - 4) prime?
False
Let j be -639 - -1*4/(-1). Let k = -142 + j. Let i = 1616 + k. Is i composite?
True
Suppose -6 = 6*x + 66. Let u be ((-3)/x + 1)*180/15. Is ((-1106040)/(-16))/u - 1/(-2) prime?
False
Let s(w) = -2*w**3 + 69*w**2 + 46*w + 62. Is s(-47) a composite number?
False
Is 15/(11 - 276380/25129) prime?
False
Suppose 0 + 10 = 2*w. Suppose w - 15 = -2*n. Suppose -3*s + 4*v = -340 - 1103, v = -n*s + 2428. Is s a prime number?
False
Let d = -2147 - -6054. Is d a prime number?
True
Let u = 459 + -455. Suppose 2*f = p + 1341, 189 + 486 = f + u*p. Is f composite?
True
Suppose -31*t - 2 = -32*t. Suppose k - t*o - 2*o - 991 = 0, -k + 991 = -2*o. Is k a composite number?
False
Let r = 25 + -25. Suppose -7*w = 4*f - 2*w - 13, r = -f + 4*w - 2. Suppose -5*n = -f*n - 8817. Is n composite?
False
Let u be 2*(-15)/36*-6. Suppose -3*t - k = -u*k - 61, -3*t + 58 = -k. Suppose 18*n + 379 = t*n. Is n a composite number?
False
Let n(i) = i**3 + 202*i**2 - 3492*i - 370. Is n(-171) composite?
False
Suppose 3*j - 37 = -5*k - 0*j, 3*k = -3*j + 27. Suppose 2455 = -k*c + 10*c. Is c a composite number?
False
Let o(c) = -c**3 + 17*c**2 - 44*c + 31. Let u be o(14). Suppose -a - 2102 - 12866 = -2*w, 3*w - 22443 = -u*a. Is w a prime number?
False
Let n(z) = -8*z**3 - 21*z**2 + 28*z + 2. Is n(-11) composite?
True
Suppose 5*d + z - 12 = -z, 4*d = -4*z. Suppose s + 2 = 2*t, -4*t + 0 = d*s + 8. Is (t + -2)*1 - (19 - 46) a composite number?
True
Let w(q) be the second derivative of -77*q**3 + 13*q**2/2 - 28*q. Is w(-3) a composite number?
False
Let j(x) be the second derivative of 7*x**5/60 - 5*x**4/24 - x**3/2 - 13*x**2/2 + 7*x. Let d(l) be the first derivative of j(l). Is d(11) prime?
False
Let o(x) = 3856*x**2 + 2*x + 11. Is o(-2) a prime number?
False
Let o = 288082 - -66717. Is o a prime number?
True
Let r(h) = 1 - 2 - h**3 + 0 + 2 + 8*h**2 - 2*h. Let m be r(8). Is m/2*1362/(-9) a prime number?
False
Let z(v) = v**2 - v + 14. Let u be z(-6). Suppose 11977 = -27*s + u*s. Is s composite?
True
Suppose -3*r + 201974 - 17177 = 0. Suppose -2*s = 2*k - 41066, -5*s = -2*s + k - r. Is s a composite number?
False
Let z(n) = -4*n**3 + n**2 - 10*n - 220. Is z(-19) a composite number?
False
Let u = -1298 - -8861. Is u a composite number?
True
Let r = 128661 - -28318. Is r prime?
True
Let b = -185 - -752. Let t = 59 + b. Let u = t + -133. Is u a composite number?
True
Let q be 53012/(-2) - 20/(-3 + 8). Let x = 48933 + q. Is x a prime number?
False
Is ((-1)/10*-9124)/(8/1420) composite?
True
Let h(u) = -15*u - 19 + 2*u + 16 + 37*u**2 + 20. Is h(8) a composite number?
False
Let r(a) = 9*a**2 - 22*a + 8. Let q be r(3). Suppose q*l - 998232 = -l. Is l prime?
True
Is 8160 + 31 - 4/2 a prime number?
False
Let i(l) = 4*l**2 - 9*l + 7. Let v(q) = -q - 9. Let x be v(11). Let t be (-36)/x*(2 - -8). Is i(t) prime?
False
Let i = 48665 - 28756. Is i prime?
False
Let u(j) = 5*j**2 - 3*j + 1. Let s = -44 + 45. Let a be u(s). Suppose 4*v + 2576 = 4*t, -t + 2*t = a*v + 638. Is t a composite number?
False
Suppose 0 = 121*a - 123*a + 5*c + 166258, 3*a - 3*c = 249423. Is a prime?
False
Suppose s + 276931 = u + 1261617, -u = -2*s + 1969377. Is s a prime number?
False
Let l(c) = -2*c**3 + c**2 - 3*c + 14. Let i be l(0). Let q(n) = -20*n - n**2 + 11 - 5*n**2 + n**3 - 2*n**2. Is q(i) prime?
True
Suppose -99532 = -9*t + 132462 + 176417. Is t a prime number?
False
Let w(d) = 8*d**3 + 2*d**2 + 3*d - 15. Suppose -36 - 4 = -10*l. Is w(l) a prime number?
True
Suppose -3*f = -3*i - 182661, 59*f - 3*i = 57*f + 121774. Is f a prime number?
True
Let l(z) = -53*z - 17. Let n be l(-5). Is 3 - (n/3)/((-2)/57) composite?
True
Is ((-7824)/(-9) - -2)*(-339)/(-2) composite?
True
Suppose i - 46873 = 4*h, -2*i = 49*h - 51*h - 93716. Is i prime?
True
Suppose 3508119 = 140*b - 3302461. Is b a prime number?
True
Suppose 32*g = 31*g - 4*n + 76003, -9*n = 63. Is g composite?
False
Suppose 5*r + 19 = -3*d, -4*d - 5*r + 8*r - 64 = 0. Let i = d + 20. Suppose 4535 = -2*c + i*c. Is c prime?
True
Suppose -14*z + 12*z + 1132053 = 5*s, 3*s - 3*z = 679215. Is s composite?
False
Let u be (22/(-4) - -4) + 95/2. Let g = 49 - u. Is (0 - -10)*984/15 + g a prime number?
True
Let m be 0/2 - (-426 + 2). Let j(u) = u**2 - 96*u - 661. Let l be j(104). Let c = m - l. Is c composite?
True
Let o = -197 - -205. Suppose -o*z = -51694 - 24490. Is z a composite number?
True
Let z = 147 + -115. Suppose -35*a + z*a = -2517. Is a a composite number?
False
Let h be 18/(-10) + 2 - 11772/(-15). Let g be (2 - 3)/((-1)/h). Suppose 3*k = 2*k - s + g, k - 5*s = 797. Is k a prime number?
True
Let y(v) = 6608*v + 17379. Is y(145) a prime number?
False
Suppose x = 2*m + 59041, -33*x = -30*x + 5*m - 177156. Is x a composite number?
True
Let u be (-6 + 8135)*(2 + 0). Suppose 3*c - 2*c - 21649 = -4*q, 0 = 3*q + 5*c - u. Is q a prime number?
False
Suppose 4*l + 3112 = 20796. Let o be 2904*(-4)/(-8)*-2. Let p = l + o. Is p a prime number?
False
Let h = 52 + -55. Let g be -1*559/h - 22/(-33). Suppose -315 = -2*n + g. Is n composite?
False
Let n(v) = 105*v**2 - 1970*v - 61. Is n(30) a prime number?
True
Is (160/15 - 11) + (-964976)/(-6) a prime number?
True
Let o = 18 - 12. Suppose -3*u + 12 + o = 0. Suppose -2972 + 800 = -u*v. Is v a composite number?
True
Suppose 40*b = 34*b + 243744. Suppose 4*i = -4*k + 69024, -4*k + 28403 = i - b. Is k a composite number?
False
Suppose -3*u - 2*k + 71569 = 0, 76*u + 2*k + 47736 = 78*u. Is u a composite number?
True
Let j be 1173 - (14 - 4)/(-2). Let d = j + -705. Is d a prime number?
False
Suppose 3*b = -2*n + 5 - 1, 4*n + 4*b = 4. Let p be 1774*(n/4)/((-2)/28). Suppose 10*f - 5501 = p. Is f composite?
False
Suppose 2*z - 5 - 2 = 3*q, -z + 5*q = 0. Let w be 4/(16/11916) - -1. Suppose z*m = m + w. Is m prime?
False
Let z(d) = 3600*d - 8915. Is z(12) a prime number?
False
Let c(z) be the third derivative of -z**6/120 - 17*z**5/60 + 5*z**4/8 + 17*z**3/3 - 30*z**2. Let v be c(-14). Let j = -385 - v. Is j a prime number?
True
Let l(d) = -29*d - 6. Let u be l(7). Let a = 401 + u. Is (-2)/(-3) + a/9 - 3 prime?
True
Let s = -88111 - -155220. Is s prime?
False
Is 32/(-144) + (-1959355)/(-135)*3 composite?
False
Suppose -2*g + z = -2129, -2586 = -4*g + z + 1667. Let x = g - 669. Suppose -3*v = 2*j - 830, -j = -2*j + 4*v + x. Is j a prime number?
True
Suppose -